by 19.
17
What is the remainder when 2319185 is divided by 249?
248
Calculate the remainder when 14894 is divided by 304.
302
What is the remainder when 1635 is divided by 688?
259
What is the remainder when 4051 is divided by 340?
311
Calculate the remainder when 2057 is divided by 1148.
909
What is the remainder when 14936 is divided by 7457?
22
What is the remainder when 24096 is divided by 2295?
1146
What is the remainder when 190 is divided by 99?
91
What is the remainder when 430331 is divided by 31?
20
What is the remainder when 5787 is divided by 204?
75
Calculate the remainder when 31837 is divided by 165.
157
Calculate the remainder when 34477 is divided by 82.
37
Calculate the remainder when 7278 is divided by 136.
70
What is the remainder when 45570 is divided by 15182?
24
Calculate the remainder when 528359 is divided by 1190.
1189
Calculate the remainder when 25478 is divided by 40.
38
What is the remainder when 5870 is divided by 834?
32
Calculate the remainder when 105561 is divided by 35187.
0
What is the remainder when 1700027 is divided by 6?
5
What is the remainder when 148695 is divided by 148691?
4
What is the remainder when 32046 is divided by 101?
29
What is the remainder when 21409 is divided by 373?
148
What is the remainder when 142707 is divided by 47565?
12
What is the remainder when 1514 is divided by 127?
117
What is the remainder when 61748 is divided by 22?
16
What is the remainder when 53722 is divided by 13428?
10
What is the remainder when 126841 is divided by 522?
517
Calculate the remainder when 2050 is divided by 667.
49
Calculate the remainder when 9313 is divided by 45.
43
Calculate the remainder when 11945 is divided by 11918.
27
Calculate the remainder when 70141 is divided by 35066.
9
What is the remainder when 647 is divided by 22?
9
Calculate the remainder when 6028 is divided by 1093.
563
What is the remainder when 1374 is divided by 346?
336
What is the remainder when 7237508 is divided by 73?
69
What is the remainder when 48908 is divided by 3049?
124
What is the remainder when 3177 is divided by 186?
15
Calculate the remainder when 14611 is divided by 2405.
181
Calculate the remainder when 188711 is divided by 8.
7
Calculate the remainder when 130280 is divided by 294.
38
Calculate the remainder when 6616 is divided by 1644.
40
What is the remainder when 24534 is divided by 1291?
5
Calculate the remainder when 141230 is divided by 263.
262
What is the remainder when 8347 is divided by 199?
188
What is the remainder when 6275 is divided by 162?
119
Calculate the remainder when 1577 is divided by 135.
92
Calculate the remainder when 77660 is divided by 24.
20
What is the remainder when 76809 is divided by 170?
139
What is the remainder when 15624 is divided by 15614?
10
What is the remainder when 27057 is divided by 1690?
17
Calculate the remainder when 287234 is divided by 585.
584
Calculate the remainder when 534207 is divided by 95.
22
What is the remainder when 10942569 is divided by 23?
20
What is the remainder when 88727 is divided by 88696?
31
What is the remainder when 55743 is divided by 154?
149
Calculate the remainder when 112823 is divided by 7521.
8
Calculate the remainder when 36061 is divided by 5150.
11
Calculate the remainder when 18750 is divided by 182.
4
What is the remainder when 1049714 is divided by 116634?
8
What is the remainder when 672169 is divided by 251?
242
Calculate the remainder when 273607 is divided by 7.
5
What is the remainder when 13505 is divided by 2232?
113
Calculate the remainder when 30267 is divided by 204.
75
What is the remainder when 6094 is divided by 32?
14
Calculate the remainder when 111302 is divided by 8.
6
Calculate the remainder when 14554 is divided by 766.
0
Calculate the remainder when 2778 is divided by 27.
24
What is the remainder when 769648 is divided by 42?
40
Calculate the remainder when 41141 is divided by 39.
35
What is the remainder when 359879 is divided by 39985?
14
Calculate the remainder when 1777 is divided by 560.
97
Calculate the remainder when 1492395 is divided by 783.
780
Calculate the remainder when 613366 is divided by 11.
6
What is the remainder when 18692 is divided by 9333?
26
What is the remainder when 471413 is divided by 242?
239
What is the remainder when 317788 is divided by 198?
196
Calculate the remainder when 70876 is divided by 24.
4
What is the remainder when 7764063 is divided by 11?
10
Calculate the remainder when 129992 is divided by 47.
37
Calculate the remainder when 7099 is divided by 3544.
11
Calculate the remainder when 301362 is divided by 3044.
6
Calculate the remainder when 5404 is divided by 70.
14
Calculate the remainder when 15840 is divided by 154.
132
Calculate the remainder when 29626 is divided by 163.
123
Calculate the remainder when 144086 is divided by 59.
8
What is the remainder when 200822 is divided by 200784?
38
Calculate the remainder when 403683 is divided by 1641.
1638
Calculate the remainder when 398 is divided by 132.
2
What is the remainder when 20822 is divided by 401?
371
What is the remainder when 755 is divided by 38?
33
Calculate the remainder when 44268 is divided by 19.
17
Calculate the remainder when 21852 is divided by 210.
12
What is the remainder when 33361 is divided by 1986?
1585
What is the remainder when 24901 is divided by 254?
9
Calculate the remainder when 855138 is divided by 43.
40
What is the remainder when 528909 is divided by 8?
5
What is the remainder when 18070 is divided by 861?
850
What is the remainder when 141 is divided by 79?
62
Calculate the remainder when 28338 is divided by 525.
513
What is the remainder when 4494 is divided by 128?
14
Calculate the remainder when 768 is divided by 24.
0
What is the remainder when 147 is divided by 82?
65
Calculate the remainder when 8582 is divided by 18.
14
Calculate the remainder when 26338 is divided by 8774.
16
Calculate the remainder when 35427 is divided by 66.
51
What is the remainder when 34035 is divided by 8507?
7
Calculate the remainder when 513132 is divided by 60.
12
What is the remainder when 146697 is divided by 1746?
33
What is the remainder when 207243 is divided by 127?
106
What is the remainder when 5105867 is divided by 14?
11
Calculate the remainder when 123312 is divided by 6848.
48
Calculate the remainder when 870 is divided by 202.
62
Calculate the remainder when 15283 is divided by 400.
83
Calculate the remainder when 3936 is divided by 1300.
36
Calculate the remainder when 9984 is divided by 23.
2
Calculate the remainder when 45073 is divided by 70.
63
What is the remainder when 21154 is divided by 82?
80
What is the remainder when 3362 is divided by 1523?
316
What is the remainder when 57081 is divided by 28449?
183
Calculate the remainder when 257019 is divided by 109.
106
Calculate the remainder when 33597 is divided by 2786.
165
Calculate the remainder when 368 is divided by 319.
49
Calculate the remainder when 6673 is divided by 66.
7
Calculate the remainder when 49746 is divided by 5.
1
Calculate the remainder when 189543 is divided by 729.
3
What is the remainder when 14313 is divided by 2044?
5
What is the remainder when 61598 is divided by 275?
273
What is the remainder when 11275 is divided by 60?
55
What is the remainder when 4180 is divided by 1043?
8
Calculate the remainder when 31651 is divided by 128.
35
Calculate the remainder when 157989 is divided by 185.
184
Calculate the remainder when 725682 is divided by 178.
154
Calculate the remainder when 97529 is divided by 848.
9
Calculate the remainder when 3181172 is divided by 678.
674
What is the remainder when 4251518 is divided by 1460?
1458
What is the remainder when 415 is divided by 38?
35
Calculate the remainder when 1812 is divided by 319.
217
What is the remainder when 4014 is divided by 284?
38
What is the remainder when 60162 is divided by 67?
63
Calculate the remainder when 1961056 is divided by 433.
432
What is the remainder when 894 is divided by 72?
30
What is the remainder when 544 is divided by 539?
5
What is the remainder when 78231 is divided by 8?
7
Calculate the remainder when 10945777 is divided by 614.
613
Calculate the remainder when 17664 is divided by 5407.
1443
Calculate the remainder whe